{"id":3374,"date":"2024-02-29T23:18:43","date_gmt":"2024-02-29T23:18:43","guid":{"rendered":"https:\/\/skinpechderma.com\/?page_id=3374"},"modified":"2024-02-29T23:28:57","modified_gmt":"2024-02-29T23:28:57","slug":"oxifacial","status":"publish","type":"page","link":"https:\/\/skinpechderma.com\/index.php\/oxifacial\/","title":{"rendered":"Oxifacial"},"content":{"rendered":"\n<div class=\"wp-block-stackable-heading stk-block-heading stk-block-heading--v2 stk-block stk-dc878e2\" id=\"strong-oxifacial-strong\" data-block-id=\"dc878e2\"><style>.stk-dc878e2{margin-bottom:16px !important}<\/style><h2 class=\"stk-block-heading__text has-text-align-center\"><strong>Oxifacial<\/strong><\/h2><\/div>\n\n\n\n<p><\/p>\n\n\n\n<div class=\"wp-block-stackable-feature alignfull stk-block-feature stk-block stk-cef87f5 is-style-horizontal\" data-v=\"2\" data-block-id=\"cef87f5\"><div class=\"stk-content-align stk-cef87f5-column alignwide stk-container stk-cef87f5-container stk--no-background stk--no-padding\"><div class=\"stk-inner-blocks stk-block-content stk-row\">\n<div class=\"wp-block-stackable-column stk-block-column stk-column stk-block stk-61ade93\" data-v=\"4\" data-block-id=\"61ade93\"><style>.stk-61ade93{align-self:center !important;border-top-left-radius:15px !important;border-top-right-radius:15px !important;border-bottom-right-radius:15px !important;border-bottom-left-radius:15px !important;overflow:hidden !important;box-shadow:0 5px 30px -10px rgba(18,63,82,0.3) !important;border-style:solid !important;border-color:#8ed1fc !important;border-top-width:2px !important;border-right-width:2px !important;border-bottom-width:2px !important;border-left-width:2px !important}<\/style><div class=\"stk-column-wrapper stk-block-column__content stk-container stk-61ade93-container stk--no-background stk--no-padding\"><div class=\"stk-block-content stk-inner-blocks stk-61ade93-inner-blocks\">\n<div class=\"wp-block-stackable-columns stk-block-columns stk-block stk-c394e2b\" data-block-id=\"c394e2b\"><div class=\"stk-row stk-inner-blocks stk-block-content stk-content-align stk-c394e2b-column\">\n<div class=\"wp-block-stackable-column stk-block-column stk-column stk-block stk-d5ce2c8\" data-v=\"4\" data-block-id=\"d5ce2c8\"><div class=\"stk-column-wrapper stk-block-column__content stk-container stk-d5ce2c8-container stk--no-background stk--no-padding\"><div class=\"stk-block-content stk-inner-blocks stk-d5ce2c8-inner-blocks\">\n<div class=\"wp-block-stackable-heading stk-block-heading stk-block-heading--v2 stk-block stk-3a82bdf\" id=\"tratamiento-facial-tres-en-uno-que-actua-tanto-en-el-exterior-como-en-el-interior-de-la-piel-combi-nando-tecnologias-rf-tripolar-oxygeneo-y-ultrasonidos\" data-block-id=\"3a82bdf\"><style>.stk-3a82bdf .stk-block-heading__text{font-size:18px !important}@media screen and (max-width:1023px){.stk-3a82bdf .stk-block-heading__text{font-size:18px !important}}<\/style><h5 class=\"stk-block-heading__text\">Tratamiento facial tres en uno que act\u00faa tanto en el exterior como en el interior de la piel, combi\u00adnando tecnolog\u00edas RF Tripolar, Oxygeneo y Ultrasonidos.<\/h5><\/div>\n\n\n\n<div class=\"wp-block-stackable-text stk-block-text stk-block stk-2aec5f6\" data-block-id=\"2aec5f6\"><style>.stk-2aec5f6{margin-bottom:0px !important}<\/style><p class=\"stk-block-text__text\"><strong>Protocolo:<\/strong><\/p><\/div>\n\n\n\n<p><strong>1: OXYGENEO:<\/strong><\/p>\n\n\n\n<ul class=\"wp-block-list\">\n<li>Oxigenaci\u00f3n, exfoliaci\u00f3n y absorsi\u00f3n El efecto OxyGeneo\u00ae se produce cuando la c\u00e1psula, que est\u00e1 compuesta de bicarbonato s\u00f3dico y \u00e1cido c\u00edtrico, entra en contacto con el gel rico en nutrientes de en superficie de la piel.<\/li>\n<\/ul>\n\n\n\n<p><strong>2: RADIOFRECUENCIA TRIPOLAR<\/strong><\/p>\n\n\n\n<ul class=\"wp-block-list\">\n<li>Desencadena la reno\u00advaci\u00f3n de la piel estimulando la producci\u00f3n de fibras de col\u00e1geno y elastina, a trav\u00e9s de la aplicaci\u00f3n de energ\u00eda RF focalizada de una manera segura y eficaz, induciendo un calenta\u00admiento controlado de la dermis<\/li>\n<\/ul>\n\n\n\n<p><strong>3: ULTRASONIDO<\/strong><\/p>\n\n\n\n<ul class=\"wp-block-list\">\n<li>Mejora el flujo sangu\u00ed\u00adneo y la absorci\u00f3n de los principios activos me\u00addiante la aplicaci\u00f3n de ondas de ultrasonido en la piel, crea vibraciones y reorganiza las c\u00e9lu\u00adlas epid\u00e9rmicas con el fin de aumentar la per\u00admeabilidad de la capa c\u00f3rnea y mejorar la nu\u00adtrici\u00f3n de la piel, los activos pueden ser para hidratar, despigmentar e iluminar.<\/li>\n<\/ul>\n<\/div><\/div><\/div>\n<\/div><\/div>\n\n\n\n<div class=\"wp-block-stackable-button-group stk-block-button-group stk-block stk-b5cad4c\" data-block-id=\"b5cad4c\"><div class=\"stk-row stk-inner-blocks stk-block-content stk-button-group\">\n<div class=\"wp-block-stackable-button stk-block-button stk-block stk-939646b\" data-block-id=\"939646b\"><style>.stk-939646b .stk-button{background:var(--theme-palette-color-2,#4928cf) !important}.stk-939646b .stk-button__inner-text{color:var(--theme-palette-color-8,#ffffff) !important}<\/style><a class=\"stk-link stk-button stk--hover-effect-darken\" href=\"https:\/\/skinpechderma.com\/index.php\/contact\/\" target=\"_blank\" rel=\"noreferrer noopener\"><span class=\"has-text-color stk-button__inner-text\">Hacer Cita<\/span><\/a><\/div>\n<\/div><\/div>\n<\/div><\/div><\/div>\n\n\n\n<div class=\"wp-block-stackable-column stk-block-column stk-column stk-block stk-2b8eb37\" data-v=\"4\" data-block-id=\"2b8eb37\"><style>.stk-2b8eb37{align-self:center !important}<\/style><div class=\"stk-column-wrapper stk-block-column__content stk-container stk-2b8eb37-container stk--no-background stk--no-padding\"><div class=\"stk-block-content stk-inner-blocks stk-2b8eb37-inner-blocks\">\n<div class=\"wp-block-stackable-image stk-block-image stk-block stk-a186ffa\" data-block-id=\"a186ffa\"><style>.stk-a186ffa .stk-img-wrapper{width:100% !important;height:782px !important;--stk-gradient-overlay:0 !important}.stk-a186ffa .stk-img-wrapper img{transform:scale(0.96) !important}:where(.stk-hover-parent:hover,.stk-hover-parent.stk--is-hovered) .stk-a186ffa .stk-img-wrapper img{transform:scale(1.1) !important}.stk-a186ffa .stk-img-wrapper::after{background-color:#202c2c !important}:where(.stk-hover-parent:hover,.stk-hover-parent.stk--is-hovered) .stk-a186ffa .stk-img-wrapper::after{background-color:#202c2c !important}.stk-a186ffa .stk-img-wrapper::before{--stk-gradient-overlay:0.7 !important}:where(.stk-hover-parent:hover,.stk-hover-parent.stk--is-hovered) .stk-a186ffa .stk-img-wrapper{--stk-gradient-overlay:0.8 !important}<\/style><figure><span class=\"stk-img-wrapper stk-image--shape-stretch\"><img loading=\"lazy\" decoding=\"async\" class=\"stk-img wp-image-3383\" src=\"https:\/\/skinpechderma.com\/wp-content\/uploads\/2024\/02\/Oxifacial-648x1024.png\" width=\"648\" height=\"1024\" srcset=\"https:\/\/skinpechderma.com\/wp-content\/uploads\/2024\/02\/Oxifacial-648x1024.png 648w, https:\/\/skinpechderma.com\/wp-content\/uploads\/2024\/02\/Oxifacial-190x300.png 190w, https:\/\/skinpechderma.com\/wp-content\/uploads\/2024\/02\/Oxifacial-500x790.png 500w, https:\/\/skinpechderma.com\/wp-content\/uploads\/2024\/02\/Oxifacial-600x948.png 600w, https:\/\/skinpechderma.com\/wp-content\/uploads\/2024\/02\/Oxifacial.png 718w\" sizes=\"(max-width: 648px) 100vw, 648px\" \/><\/span><\/figure><\/div>\n<\/div><\/div><\/div>\n<\/div><\/div><\/div>\n\n\n\n<div class=\"wp-block-stackable-text stk-block-text stk-block stk-a79b1cb\" data-block-id=\"a79b1cb\"><p class=\"stk-block-text__text\"><\/p><\/div>\n","protected":false},"excerpt":{"rendered":"<p>Oxifacial Tratamiento facial tres en uno que act\u00faa tanto en el exterior como en el interior de la piel, combi\u00adnando tecnolog\u00edas RF Tripolar, Oxygeneo y Ultrasonidos. Protocolo: 1: OXYGENEO: 2: RADIOFRECUENCIA TRIPOLAR 3: ULTRASONIDO Hacer Cita<\/p>\n","protected":false},"author":1,"featured_media":0,"parent":0,"menu_order":0,"comment_status":"closed","ping_status":"closed","template":"essential-blocks-fullwidth-template.php","meta":{"_eb_attr":"","_monsterinsights_skip_tracking":false,"_monsterinsights_sitenote_active":false,"_monsterinsights_sitenote_note":"","_monsterinsights_sitenote_category":0,"_joinchat":[],"footnotes":""},"class_list":["post-3374","page","type-page","status-publish","hentry"],"blocksy_meta":[],"aioseo_notices":[],"featured_image_urls":{"full":"","thumbnail":"","medium":"","medium_large":"","large":"","1536x1536":"","2048x2048":"","wpzoom-rcb-block-header":"","wpzoom-rcb-block-header-square":"","wpzoom-rcb-block-step-image":"","wpzoom-rcb-structured-data-1_1":"","wpzoom-rcb-structured-data-4_3":"","wpzoom-rcb-structured-data-16_9":"","woocommerce_archive_thumbnail":"","woocommerce_thumbnail":"","woocommerce_single":"","woocommerce_gallery_thumbnail":""},"post_excerpt_stackable":"<p>Oxifacial Tratamiento facial tres en uno que act\u00faa tanto en el exterior como en el interior de la piel, combi\u00adnando tecnolog\u00edas RF Tripolar, Oxygeneo y Ultrasonidos. Protocolo: 1: OXYGENEO: Oxigenaci\u00f3n, exfoliaci\u00f3n y absorsi\u00f3n El efecto OxyGeneo\u00ae se produce cuando la c\u00e1psula, que est\u00e1 compuesta de bicarbonato s\u00f3dico y \u00e1cido c\u00edtrico, entra en contacto con el gel rico en nutrientes de en superficie de la piel. 2: RADIOFRECUENCIA TRIPOLAR Desencadena la reno\u00advaci\u00f3n de la piel estimulando la producci\u00f3n de fibras de col\u00e1geno y elastina, a trav\u00e9s de la aplicaci\u00f3n de energ\u00eda RF focalizada de una manera segura y eficaz, induciendo un&hellip;<\/p>\n","category_list":"","author_info":{"name":"skinpechderma.com","url":"https:\/\/skinpechderma.com\/index.php\/author\/skinpechderma-com\/"},"comments_num":"0 comments","_links":{"self":[{"href":"https:\/\/skinpechderma.com\/index.php\/wp-json\/wp\/v2\/pages\/3374"}],"collection":[{"href":"https:\/\/skinpechderma.com\/index.php\/wp-json\/wp\/v2\/pages"}],"about":[{"href":"https:\/\/skinpechderma.com\/index.php\/wp-json\/wp\/v2\/types\/page"}],"author":[{"embeddable":true,"href":"https:\/\/skinpechderma.com\/index.php\/wp-json\/wp\/v2\/users\/1"}],"replies":[{"embeddable":true,"href":"https:\/\/skinpechderma.com\/index.php\/wp-json\/wp\/v2\/comments?post=3374"}],"version-history":[{"count":5,"href":"https:\/\/skinpechderma.com\/index.php\/wp-json\/wp\/v2\/pages\/3374\/revisions"}],"predecessor-version":[{"id":3384,"href":"https:\/\/skinpechderma.com\/index.php\/wp-json\/wp\/v2\/pages\/3374\/revisions\/3384"}],"wp:attachment":[{"href":"https:\/\/skinpechderma.com\/index.php\/wp-json\/wp\/v2\/media?parent=3374"}],"curies":[{"name":"wp","href":"https:\/\/api.w.org\/{rel}","templated":true}]}}